0 a multiple of 38?
False
Is 1656 a factor of 647196436?
False
Is 12 a factor of 1446846732?
True
Does 59 divide 573422386?
False
Does 24 divide 61894484?
False
Is 63925125 a multiple of 485?
False
Does 9 divide 443829168?
True
Is 131122743 a multiple of 482?
False
Is 28 a factor of 1125930?
False
Does 46 divide 116724759?
False
Does 35 divide 21948955?
True
Is 23 a factor of 47086612?
True
Is 46 a factor of 242144?
True
Is 298363 a multiple of 4?
False
Is 12 a factor of 19427220?
True
Is 71902352 a multiple of 219?
False
Is 4712521 a multiple of 3005?
False
Is 518083064 a multiple of 1726?
True
Is 19152 a multiple of 114?
True
Does 12 divide 30842904?
True
Does 98 divide 25311590?
False
Is 6066 a factor of 2597097240?
True
Is 11611371 a multiple of 6?
False
Is 200494196 a multiple of 2?
True
Is 19343707 a multiple of 75?
False
Is 168 a factor of 464614752?
True
Is 245843440 a multiple of 8?
True
Is 3378 a factor of 783631818?
True
Is 2749032 a multiple of 2937?
True
Is 1006984159 a multiple of 6?
False
Is 3 a factor of 88955595?
True
Is 182282661 a multiple of 319?
True
Does 124 divide 4840985?
False
Does 2115 divide 10616337?
False
Does 18 divide 930204?
True
Does 6710 divide 4357145210?
True
Does 14 divide 107000684?
True
Is 159166704 a multiple of 14?
False
Is 269068700 a multiple of 284?
True
Does 8 divide 37122577?
False
Is 1174180710 a multiple of 145?
True
Is 619800734 a multiple of 26?
False
Is 2312 a factor of 849791784?
True
Is 2662432 a multiple of 126?
False
Is 61 a factor of 101973517?
True
Is 155928402 a multiple of 9?
True
Is 189 a factor of 35090451?
False
Does 68 divide 47888234?
False
Is 8 a factor of 2892724767?
False
Does 286 divide 3652062261?
False
Is 355214216 a multiple of 56?
True
Is 34729476 a multiple of 20?
False
Is 723 a factor of 31326144?
True
Is 33523350 a multiple of 350?
True
Does 285 divide 3050357850?
True
Is 403 a factor of 13347170?
False
Does 186 divide 19662432?
True
Is 506006102 even?
True
Does 280 divide 275701160?
True
Is 40 a factor of 234789520?
True
Is 21870992 a multiple of 1027?
True
Does 22 divide 8533708?
False
Is 46 a factor of 52844009?
False
Is 24181774 a multiple of 19?
False
Is 2180848324 a multiple of 60?
False
Does 912 divide 27719729?
False
Does 1200 divide 510720875?
False
Is 486767462 a multiple of 2600?
False
Is 22 a factor of 17493630?
True
Is 29 a factor of 2575231?
False
Is 299 a factor of 23529506?
True
Is 49 a factor of 93122160?
False
Is 629921636 a multiple of 10?
False
Is 14207661 a multiple of 9?
True
Is 4208 a factor of 29458605?
False
Is 543267510 a multiple of 15?
True
Does 918 divide 69236208?
False
Does 352 divide 728051557?
False
Does 164 divide 34344552?
True
Is 7 a factor of 60503947?
True
Is 2673 a factor of 62750480?
False
Is 2346 a factor of 514392061?
False
Is 22 a factor of 96345068?
False
Does 963 divide 2405438?
False
Is 45315157 a multiple of 627?
False
Is 244 a factor of 40250728?
True
Is 65 a factor of 748367360?
True
Is 358202785 a multiple of 3323?
True
Is 2365 a factor of 1523063827?
False
Does 40 divide 283060080?
True
Is 20 a factor of 763134940?
True
Is 349642458 a multiple of 99?
True
Is 3183462649 a multiple of 71?
False
Does 16 divide 1904487696?
True
Is 8868295 a multiple of 5?
True
Is 717213288 a multiple of 12?
True
Is 5782043589 a multiple of 376?
False
Is 4162680660 a multiple of 505?
True
Is 395 a factor of 1278001170?
True
Is 472473694 a multiple of 4081?
True
Is 15 a factor of 266817733?
False
Does 37 divide 3246565?
True
Is 28333509 a multiple of 127?
False
Does 470 divide 1931918255?
False
Is 1044 a factor of 195909732?
True
Is 30476179 a multiple of 23?
False
Is 9216 a factor of 1053361152?
True
Is 28 a factor of 296781912?
True
Is 752 a factor of 838554448?
True
Is 32433668 a multiple of 106?
True
Does 104 divide 104316576?
True
Is 78697203 a multiple of 298?
False
Is 2901 a factor of 1697104676?
False
Does 346 divide 2984476284?
True
Is 21706520 a multiple of 870?
False
Is 53944620 a multiple of 49?
False
Is 10 a factor of 11070410?
True
Is 15 a factor of 350554912?
False
Does 130 divide 237753557?
False
Is 73846539 a multiple of 49?
False
Is 83 a factor of 4333224?
False
Is 19 a factor of 517381994?
False
Does 262 divide 133914644?
False
Does 19 divide 2594755159?
True
Is 38443284 a multiple of 198?
True
Is 3089 a factor of 51848865?
True
Is 126 a factor of 23134230?
True
Does 29 divide 2490432275?
True
Does 1100 divide 577578504?
False
Does 185 divide 179276198?
False
Does 52 divide 780700024?
True
Does 1891 divide 977465464?
True
Is 27011680 a multiple of 8?
True
Does 6 divide 220166370?
True
Is 22458054 a multiple of 17?
True
Is 401 a factor of 286348887?
True
Is 49898615 even?
False
Is 21633817 a multiple of 233?
True
Is 233 a factor of 52057157?
False
Is 6048603 a multiple of 13?
False
Is 1376989320 a multiple of 30?
True
Is 269 a factor of 1118542350?
True
Is 19389669 a multiple of 554?
False
Is 9 a factor of 46537755?
False
Is 129 a factor of 155971891?
False
Is 1143372359 a multiple of 586?
False
Is 116795637 a multiple of 14?
False
Is 210 a factor of 19826940?
True
Does 42 divide 23906232?
True
Is 258 a factor of 52807638?
False
Is 2420126719 a multiple of 390?
False
Is 23 a factor of 1988078553?
False
Does 183 divide 50450276?
False
Is 242884344 a multiple of 10?
False
Is 58 a factor of 131808364?
True
Is 6245 a factor of 906155745?
True
Is 38 a factor of 768331070?
False
Is 261 a factor of 35264073?
False
Is 38 a factor of 175049242?
True
Does 30 divide 563323643?
False
Is 1933 a factor of 17732345?
False
Is 20 a factor of 4084457560?
True
Is 1840013660 a multiple of 20?
True
Is 9 a factor of 4618645?
False
Is 89541681 a multiple of 201?
True
Is 70183251 a multiple of 446?
False
Is 4530564995 a multiple of 11?
True
Is 67119096 a multiple of 57?
True
Is 9782764 a multiple of 164?
True
Is 366595237 a multiple of 30?
False
Does 3309 divide 122535579?
True
Is 222 a factor of 82480326?
True
Is 13 a factor of 3207309794?
True
Is 32 a factor of 93729920?
True
Is 75154322 a multiple of 42?
False
Is 143 a factor of 109157191?
True
Does 6 divide 53687847?
False
Is 55 a factor of 373648657?
False
Is 3313825 a multiple of 1025?
True
Does 427 divide 1454466700?
False
Does 64 divide 105986591?
False
Is 114558216 a multiple of 71?
True
Does 15 divide 3373098071?
False
Does 777 divide 9463860?
True
Is 71911373 a multiple of 4?
False
Does 393 divide 7831815?
False
Is 39 a factor of 9181882?
False
Is 14 a factor of 7689840?
False
Is 189 a factor of 241047954?
True
Is 82434285 a multiple of 1091?
False
Is 1601146031 a multiple of 5?
False
Is 27 a factor of 18286537?
False
Does 12 divide 25183049?
False
Is 13 a factor of 291709249?
True
Is 30 a factor of 1193996318?
False
Does 828 divide 219912208?
False
Is 4495443825 a multiple of 75?
True
Is 183848643 a multiple of 13?
False
Does 714 divide 166224332?
False
Does 38 divide 1621367204?
True
Is 22799604 a multiple of 8?
False
Is 22252110 a multiple of 62?
True
Is 13027540 a multiple of 67?
False
Is 14 a factor of 17344292?
True
Does 641 divide 213118037?
False
Does 2 divide 19899686?
True
Does 349 divide 22562501?
True
Does 526 divide 189015378?
False
Is 24387963 a multiple of 73?
False
Is 11096459 a multiple of 11?
True
Does 37 divide 13697733?
True
Is 3619912 a multiple of 406?
False
Is 14 a factor of 29124268?
False
Does 38 divide 64318724?
True
Is 275 a factor of 49806900?
True
Is 91420021 a multiple of 11?
True
Is 17 a factor of 37203577?
False
Is 150161340 a multiple of 51?
True
Is 47045900 a multiple of 25?
True
Does 273 divide 172415061?
True
Is 854581500 a multiple of 36?
True
Is 960 a factor of 861780480?
True
Does 2327 divide 54626325?
True
Does 49 divide 1105934606?
True
Does 5964 divide 334878600?
True
Does 24 divide 102715130?
False
Is 40346035 a multiple of 31?
True
Does 13 divide 145887102?
False
Is 12143211 a multiple of 383?
False
Does 317 divide 361566713?
True
Is 314 a factor of 96030526?
False
Is 15335186 a multiple of 541?
True
Is 12 a factor of 108992408?
False
Does 442 divide 1884685348?
True
Is 1771832966 a multiple of 17?
False
Does 16 divide 33534617?
False
Is 1119894348 a multiple of 12?
True
Does 2531 divide 823744322?
True
Is 901638394 a multiple of 439?
True